 is the tens digit of (-2 - -36)*h/2?
1
Let h(t) = 4*t**2 - t + 3. Let c(p) = -3*p**2 - 2. Let o(r) = 5*c(r) + 4*h(r). Let w(m) = -m**3 + 3*m**2 + 5. Let d be w(3). What is the units digit of o(d)?
7
Suppose -72 = 12*v - 6*v. What is the tens digit of ((-402)/(-4))/(-1)*v/9?
3
Let k = -59 + 100. What is the units digit of k?
1
Suppose 312 = -7*i + 3217. What is the hundreds digit of i?
4
What is the tens digit of -4 + (-8192)/(-7) + 26/(-91)?
6
Suppose 0*s = -w + 2*s - 15, 0 = 2*w - s + 36. What is the units digit of (-1768)/(-10) + 3 + w/5?
6
Let p(c) = -120*c - 73. What is the units digit of p(-3)?
7
Suppose -90 = 5*x - 0*x. Let w = 21 + x. Suppose 14 = 5*t + g + g, -w*t - 2*g + 6 = 0. What is the units digit of t?
4
Let x(u) = -27*u**2 - 17*u + 6. Let k be x(5). Let w = 1069 + k. What is the units digit of w?
5
Let q be 32*((-18)/(-4) + -4). Let y be (-2189)/88 + (-2)/q. Let d = y + 30. What is the units digit of d?
5
Let n = -363 + 1086. What is the units digit of n?
3
Let m = 7 - 7. Suppose -2*h + d + 10 = m, -2*h = 2*d + 3*d + 2. What is the units digit of (-2)/h - 45/(-2)?
2
Suppose 0 = 16*w - 7381 - 37771. What is the hundreds digit of w?
8
What is the tens digit of ((-138)/69)/((-4)/2194)?
9
Let t(w) = -1 + 7*w - 7 + 1 - 3. Let k be t(7). What is the tens digit of 3/12 + k/4?
1
Let t(j) = 6*j + 9. Let v(q) = -7*q - 10. Let k(b) = 4*t(b) + 3*v(b). What is the units digit of k(8)?
0
Let b = -4 + 7. Suppose 42 = -4*x - 2*i, -b*x - 2*i - 33 = i. What is the tens digit of (58/x)/(2/(-10))?
2
Let r(u) = 45*u**3 + 9*u**2 - 21*u + 42. What is the units digit of r(3)?
5
Suppose 0*x - 3*x = -5*k + 725, 3*k = -x + 421. Suppose -6 = 2*i - 4*c + 70, 3*c = 4*i + k. Let d = i - -52. What is the tens digit of d?
1
Suppose 0*o - 4*h = -4*o + 64, 0 = o - 5*h. Suppose 2*a - 9 = -5*b, 4 = 3*a - 2*a + 2*b. Let d = a + o. What is the tens digit of d?
2
Let u(j) = 10*j**2 - 47*j - 240. What is the thousands digit of u(-13)?
2
Suppose -4*p = -2*b - 10, -4*p = 4*b - 14 - 14. Suppose 3*z - p*a = -2*a + 1, 5*z = -5*a - 40. Let f(i) = -i**3 + i**2 - 2. What is the units digit of f(z)?
4
Let w = 476 - 133. What is the units digit of w?
3
Let k be (-73 - 1)/(1 - -1). Let i = k + 39. What is the units digit of i?
2
Let w be 12/(-9)*(-6)/2. Suppose w*u + 11 - 39 = 0. Suppose 2*i - 115 = -u. What is the tens digit of i?
5
Let r(d) = -2*d - 23. Let p be r(-14). Suppose 38 = 4*c - 78. What is the units digit of c - (p + -1 + -1)?
6
Let m be -1 + 1 - (0 - (-5 - -358)). Let t = m - 225. What is the hundreds digit of t?
1
Let m(u) be the third derivative of u**5/60 + 3*u**4/8 + 2*u**3/3 - u**2. Suppose -11 = 14*x + 115. What is the units digit of m(x)?
4
Let g(s) = s + 4. Let r be g(8). Let c = r + 49. Let a = c + -14. What is the units digit of a?
7
Let y(o) = 74*o**2 - 5*o - 4. Let h be y(-1). Suppose -6*u = -879 - h. What is the units digit of u?
9
Let r = -18 + 18. Suppose r*z + 5*t + 250 = 2*z, 2*t = -z + 143. Let v = z - 85. What is the tens digit of v?
5
Suppose g + 3*g = 168. What is the tens digit of 7/g - 478/(-12)?
4
Suppose 0 = 3*i - q - 14, 5*q - 8 = -i + 2. Suppose -b - 22 = -i*k - 7, -3*k + 9 = 0. What is the units digit of b + -20*1/(-2)?
0
Let c(m) = 2*m + 3. Let f be c(0). Let p be 981/(-6)*4/(-6). Suppose 322 = f*b + p. What is the units digit of b?
1
Let i(l) = -121*l - 479. What is the units digit of i(-22)?
3
Let c = -28 - -187. Suppose 12*p - c = 9*p. What is the units digit of p?
3
Suppose -194*q = -186*q - 13184. What is the thousands digit of q?
1
Let f(o) be the third derivative of 1/2*o**3 + 0*o + 0 + 5/24*o**4 + 2*o**2. What is the tens digit of f(4)?
2
Suppose -q = -3*q + 4. Suppose -2*a + 0*a = -q. Suppose -3*y - a = -58. What is the units digit of y?
9
Suppose -5*i + 4*k + 23371 = 0, -2*i = -3*i - 2*k + 4677. What is the thousands digit of i?
4
Suppose 0 = 87*l - 100*l + 5122. What is the units digit of l?
4
Let k(d) = d**3 + 4*d**2 - 6. Let s be k(-3). Suppose 0*c + 2*c = -3*v + 125, 4*v = s*c + 144. What is the units digit of v?
9
Suppose 39 + 389 = 4*r. What is the tens digit of r?
0
What is the units digit of 14/18 + -1 + (-1240464)/(-2322)?
4
Suppose 4*l - z - 7 = 0, l + 6*z - 6 = 2*z. Let q(a) = 10 + 0*a - 3*a - a - l*a. What is the units digit of q(-6)?
6
Suppose -5*m + 18120 = 5*t, -253 = -m + 2*t + 3368. What is the hundreds digit of m?
6
Let z(a) = 4 + 278*a - 274*a + 2*a**3 - 6 + a**2. What is the units digit of z(3)?
3
What is the units digit of 17/(85/(-60)) - -3390?
8
Let i(m) = 20*m + 21. What is the units digit of i(4)?
1
Suppose 5*j = 5*m + 1230, j - 3*m = 9 + 233. Suppose 5*x = j + 512. What is the units digit of x?
2
Suppose -7 + 3 = -2*a. Suppose 5 = -a*r - 4*q + 1, -2*r + 4*q = -12. Suppose -96 = -r*m - 2*m. What is the tens digit of m?
2
Let q be (56/10)/(14/70). Let n = -7 - -43. Let l = n - q. What is the units digit of l?
8
Let b be (4 + 242/4)*18. Suppose 9*w = b + 396. What is the hundreds digit of w?
1
Suppose 4*s + 5*s = 45. Suppose -2*l + 128 = 2*v, s*l - 347 = 5*v - v. What is the tens digit of l?
6
Let w be (-60)/(-25) + (6/(-5))/3. Suppose 0 = -4*m - w*m + 378. What is the tens digit of m?
6
Let k be 6/24 + 30/8. Suppose 0 = k*x - 822 + 130. What is the hundreds digit of x?
1
Suppose -3*d + 9125 = 2990. What is the units digit of d?
5
Suppose -2*h - 3*h + 70 = 0. Suppose -2 + 14 = 2*w. Let x = h + w. What is the tens digit of x?
2
Let a = 8 - 13. What is the tens digit of (1/(-3))/(a/1515)?
0
Let v be (2 - 8)/((-9)/(-6)). Let p be (-1)/(v/(-2*74)). Let c = -14 - p. What is the tens digit of c?
2
Let z = -34 - -19. What is the tens digit of (120/9)/((-2)/z)?
0
Suppose 41 = 7*v - 8. What is the units digit of v/((-14)/(-176)) - 4?
4
Let d(o) = -o**3 - 6*o**2 + 4*o + 31. Let t be d(-6). Suppose -5*r + 3*z + 195 = 0, 0 = t*r - 12*r + 2*z + 200. What is the units digit of r?
2
Let z(o) = 1 + 22*o + 10*o + 2*o + o. What is the units digit of z(1)?
6
Let u(y) = -y + 7. Let b be u(-5). What is the units digit of 1340/36 + (b/(-27))/2?
7
Let x be ((-40)/12)/((-4)/6). Suppose -x*k + 346 - 61 = 0. Let o = 86 - k. What is the units digit of o?
9
Suppose a - 4542 = -4*j, 2*j + 4*a - 1276 - 988 = 0. What is the hundreds digit of j?
1
Let h = -75 - -265. Suppose p + p + b - h = 0, 0 = -b + 4. What is the units digit of p?
3
What is the tens digit of (-2 + -1)/(-3)*76?
7
Let r(c) be the first derivative of -c**4/4 + 2*c**2 - 5*c - 3. Let h be r(3). Let o = h + 34. What is the units digit of o?
4
Suppose 4*w = -3*b + 19, 0*b = -2*w - 4*b + 22. Let k be -7 + w*(3 - 2). What is the tens digit of 9*(-7)/(21/k)?
1
Let g(n) = n**3 + 12*n**2 + 2*n + 30. What is the hundreds digit of g(-9)?
2
Let c = 97 - 93. Suppose 0 = -z + 2*m + 113, 0 = c*z + z - 2*m - 541. What is the hundreds digit of z?
1
Let d = -1288 + 2099. What is the hundreds digit of d?
8
Suppose -2*c - 2*x + 181 = -c, -4*c + 4*x = -760. What is the hundreds digit of c?
1
Suppose -4*m + 2*q = 4*q - 2184, -3*q + 536 = m. What is the tens digit of m?
4
Let p = 3 + -7. Let l be -2*(-2)/p - -22. Suppose -27 = -4*k + l. What is the tens digit of k?
1
Let a(z) be the third derivative of z**5/60 - z**4/12 - z**3 + 13*z**2. Let n be 2/(-5) + (-37)/(-5). What is the tens digit of a(n)?
2
Suppose 0 = 4*j + 7*j - 16291. What is the thousands digit of j?
1
Let u(j) = -j**2 - 6*j + 4. Let b be u(-6). Let f(w) = 30*w + 19. What is the units digit of f(b)?
9
What is the units digit of (-30)/36*(-1167)/(-15)*-6?
9
Let k(g) = g**2 + g - 3. Let m(o) = 5*o**2 + 6*o - 16. Let v(r) = 11*k(r) - 2*m(r). Let j be v(3). Suppose 0 = -j*l + 133 + 122. What is the units digit of l?
1
Let c = 620 + 84. What is the units digit of c?
4
Let h(d) = 8*d**2 - 32*d - 104. What is the tens digit of h(22)?
6
Let z = 1230 + -663. What is the units digit of z?
7
Let z = -1920 + 3159. What is the tens digit of z?
3
Let q(r) = 3*r**2 + 10*r - 10. What is the hundreds digit of q(-27)?
9
Let m(b) = -4*b**2 + 6*b - 61. Let v(n) = -5*n**2 + 6*n - 62. Let w(x) = -6*m(x) + 5*v(x). What is the units digit of w(0)?
6
What is the units digit of -388*(-57)/(-38)*1/(-3)?
4
Let a = -11 + 26. Let x = -21 + a. What is the tens digit of (-142)/(-4) - (-3)/x?
3
Let d be -3*8*(-3)/9. Let b = d - 8. Suppose -4*o + 135 = k 